{"id":2360,"date":"2024-12-13T05:30:24","date_gmt":"2024-12-13T05:30:24","guid":{"rendered":"https:\/\/perfumeandbliss.com\/?post_type=product&#038;p=2360"},"modified":"2025-05-28T20:33:06","modified_gmt":"2025-05-28T20:33:06","slug":"armani-acqua-di-gio-profondo-edp-125ml","status":"publish","type":"product","link":"https:\/\/perfumeandbliss.com\/index.php\/product\/armani-acqua-di-gio-profondo-edp-125ml\/","title":{"rendered":"Armani Acqua Di Gio Profondo EDP 125ML"},"content":{"rendered":"","protected":false},"excerpt":{"rendered":"<div class=\"product-block-list__item product-block-list__item--description\">\n<div class=\"card\">\n<div class=\"card__section expandable-content\" aria-expanded=\"true\">\n<div class=\"rte text--pull\"><\/div>\n<div class=\"rte text--pull\">\n<p>Acqua di Gi\u00f2 Profondo is the intense marine interpretation of Acqua di Gi\u00f2. More than a fragrance, Aqua di Gi\u00f2 Profondo is a captivating deep-dive into the profoundness of the soul, embracing the values of freedom, sensoriality and modern masculinity, revealing an ever more profound dimension.<\/p>\n<\/div>\n<\/div>\n<\/div>\n<\/div>\n<div class=\"product-block-list__item product-block-list__item--shipping\">\n<div class=\"card\">\n<div class=\"card__header\"><\/div>\n<\/div>\n<\/div>\n","protected":false},"featured_media":2361,"comment_status":"open","ping_status":"closed","template":"","meta":[],"product_brand":[],"product_cat":[18,49,48],"product_tag":[],"class_list":{"0":"post-2360","1":"product","2":"type-product","3":"status-publish","4":"has-post-thumbnail","6":"product_cat-all-perfumes","7":"product_cat-fragrances-for-her","8":"product_cat-fragrances-for-him","10":"first","11":"instock","12":"shipping-taxable","13":"purchasable","14":"product-type-simple"},"_links":{"self":[{"href":"https:\/\/perfumeandbliss.com\/index.php\/wp-json\/wp\/v2\/product\/2360","targetHints":{"allow":["GET"]}}],"collection":[{"href":"https:\/\/perfumeandbliss.com\/index.php\/wp-json\/wp\/v2\/product"}],"about":[{"href":"https:\/\/perfumeandbliss.com\/index.php\/wp-json\/wp\/v2\/types\/product"}],"replies":[{"embeddable":true,"href":"https:\/\/perfumeandbliss.com\/index.php\/wp-json\/wp\/v2\/comments?post=2360"}],"wp:featuredmedia":[{"embeddable":true,"href":"https:\/\/perfumeandbliss.com\/index.php\/wp-json\/wp\/v2\/media\/2361"}],"wp:attachment":[{"href":"https:\/\/perfumeandbliss.com\/index.php\/wp-json\/wp\/v2\/media?parent=2360"}],"wp:term":[{"taxonomy":"product_brand","embeddable":true,"href":"https:\/\/perfumeandbliss.com\/index.php\/wp-json\/wp\/v2\/product_brand?post=2360"},{"taxonomy":"product_cat","embeddable":true,"href":"https:\/\/perfumeandbliss.com\/index.php\/wp-json\/wp\/v2\/product_cat?post=2360"},{"taxonomy":"product_tag","embeddable":true,"href":"https:\/\/perfumeandbliss.com\/index.php\/wp-json\/wp\/v2\/product_tag?post=2360"}],"curies":[{"name":"wp","href":"https:\/\/api.w.org\/{rel}","templated":true}]}}